{"id":10,"date":"2024-10-17T17:14:52","date_gmt":"2024-10-17T15:14:52","guid":{"rendered":"https:\/\/www.gitrades.com\/?page_id=10"},"modified":"2024-10-22T13:52:02","modified_gmt":"2024-10-22T11:52:02","slug":"homepage","status":"publish","type":"page","link":"https:\/\/www.gitrades.com\/","title":{"rendered":"Homepage"},"content":{"rendered":"\n<section class=\"wp-block-group uvodnik is-vertical is-layout-flex wp-container-core-group-is-layout-8cf370e7 wp-block-group-is-layout-flex\">\n<h1 class=\"wp-block-heading\"><strong>GI TRADES<\/strong> je inov\u00e1torem, pr\u016fkopn\u00edkem a expertem v oblasti algoritmick\u00e9ho obchodov\u00e1n\u00ed s v\u00edce ne\u017e 20&nbsp;lety&nbsp;zku\u0161enost\u00ed.<\/h1>\n\n\n\n<div class=\"wp-block-buttons is-layout-flex wp-block-buttons-is-layout-flex\">\n<div class=\"wp-block-button\"><a class=\"wp-block-button__link wp-element-button\" href=\"#obsah\">Zjistit v\u00edce<\/a><\/div>\n<\/div>\n<\/section>\n\n\n\n<section id=\"obsah\" class=\"wp-block-group text-obrazek is-vertical is-layout-flex wp-container-core-group-is-layout-8cf370e7 wp-block-group-is-layout-flex\">\n<div class=\"wp-block-columns is-layout-flex wp-container-core-columns-is-layout-9d6595d7 wp-block-columns-is-layout-flex\">\n<div class=\"wp-block-column is-layout-flow wp-block-column-is-layout-flow\">\n<p>Na\u0161e technologie se neust\u00e1le vyv\u00edj\u00ed d\u00edky kombinaci inteligence genetick\u00e9, um\u011bl\u00e9 i lidsk\u00e9. Tento syst\u00e9m evolu\u010dn\u00ed multi-inteligence vyu\u017e\u00edvaj\u00edc\u00ed strojov\u00e9ho a mechanick\u00e9ho u\u010den\u00ed n\u00e1m umo\u017e\u0148uje \u010dinit precizn\u00ed obchodn\u00ed rozhodnut\u00ed a maximalizovat zisky s minim\u00e1ln\u00edm rizikem.<\/p>\n<\/div>\n\n\n\n<div class=\"wp-block-column is-layout-flow wp-block-column-is-layout-flow\">\n<figure class=\"wp-block-video\"><video height=\"1080\" style=\"aspect-ratio: 1920 \/ 1080;\" width=\"1920\" autoplay loop muted src=\"https:\/\/www.gitrades.com\/wp-content\/uploads\/2024\/10\/GI_TRADES_LOGO_VIDEO_1.mp4\" playsinline><\/video><\/figure>\n<\/div>\n<\/div>\n<\/section>\n\n\n\n<section class=\"wp-block-group jednosloupec is-vertical is-layout-flex wp-container-core-group-is-layout-8cf370e7 wp-block-group-is-layout-flex\">\n<p>Na\u0161e propriet\u00e1rn\u00ed algoritmy analyzuj\u00ed obchodn\u00ed p\u0159\u00edle\u017eitosti. Aktivn\u011b reagujeme na okam\u017eit\u00e9 zm\u011bny tr\u017en\u00edch n\u00e1lad a alokujeme kapit\u00e1l p\u0159esn\u011b tam, kde je v dan\u00fd okam\u017eik nejv\u011bt\u0161\u00ed potenci\u00e1l. Zam\u011b\u0159ujeme se na efektivn\u00ed \u0159\u00edzen\u00ed rizik a maximalizaci zisk\u016f, co\u017e n\u00e1m umo\u017e\u0148uje dosahovat vynikaj\u00edc\u00edch v\u00fdsledk\u016f na trz\u00edch. Na\u0161e syst\u00e9my se neust\u00e1le u\u010d\u00ed, adaptuj\u00ed a zlep\u0161uj\u00ed d\u00edky vlastn\u00ed datab\u00e1zi obsahuj\u00edc\u00ed v\u00edce ne\u017e miliardu finan\u010dn\u00edch dat.<\/p>\n<\/section>\n\n\n\n<section class=\"wp-block-group jednosloupec is-vertical is-layout-flex wp-container-core-group-is-layout-8cf370e7 wp-block-group-is-layout-flex\">\n<p>Spolupracujeme s p\u0159edn\u00edmi sv\u011btov\u00fdmi partnery. Na\u0161im klient\u016fm umo\u017e\u0148ujeme exkluzivn\u00ed p\u0159\u00edle\u017eitost st\u00e1t se sou\u010d\u00e1st\u00ed obchodov\u00e1n\u00ed \u0159\u00edzen\u00e9ho na\u0161\u00edm evolu\u010dn\u00edm p\u0159\u00edstupem, kter\u00fd v dne\u0161n\u00ed turbulentn\u00ed dob\u011b pova\u017eujeme za jedinou variantu pro \u00fasp\u011bch na dynamicky se m\u011bn\u00edc\u00edch sv\u011btov\u00fdch trz\u00edch.<\/p>\n<\/section>\n\n\n\n<section id=\"kontakt\" class=\"wp-block-group formular is-vertical is-layout-flex wp-container-core-group-is-layout-8cf370e7 wp-block-group-is-layout-flex\">\n<div class=\"wp-block-columns is-layout-flex wp-container-core-columns-is-layout-9d6595d7 wp-block-columns-is-layout-flex\">\n<div class=\"wp-block-column is-layout-flow wp-block-column-is-layout-flow\">\n<h2 class=\"wp-block-heading\">Kontaktn\u00ed formul\u00e1\u0159<\/h2>\n\n\n\n<p>Pro podrobn\u011bj\u0161\u00ed informace k algoritmick\u00e9mu obchodov\u00e1n\u00ed pros\u00edm vyu\u017eijte online formul\u00e1\u0159. Ozveme se v\u00e1m co nejd\u0159\u00edve.<\/p>\n<\/div>\n\n\n\n<div class=\"wp-block-column is-layout-flow wp-block-column-is-layout-flow\">\n<div class=\"wp-block-contact-form-7-contact-form-selector\">\n<div class=\"wpcf7 no-js\" id=\"wpcf7-f7-o1\" lang=\"cs-CZ\" dir=\"ltr\" data-wpcf7-id=\"7\">\n<div class=\"screen-reader-response\"><p role=\"status\" aria-live=\"polite\" aria-atomic=\"true\"><\/p> <ul><\/ul><\/div>\n<form action=\"\/index.php?rest_route=%2Fwp%2Fv2%2Fpages%2F10#wpcf7-f7-o1\" method=\"post\" class=\"wpcf7-form init\" aria-label=\"Kontaktn\u00ed formul\u00e1\u0159\" novalidate=\"novalidate\" data-status=\"init\">\n<fieldset class=\"hidden-fields-container\"><input type=\"hidden\" name=\"_wpcf7\" value=\"7\" \/><input type=\"hidden\" name=\"_wpcf7_version\" value=\"6.1.5\" \/><input type=\"hidden\" name=\"_wpcf7_locale\" value=\"cs_CZ\" \/><input type=\"hidden\" name=\"_wpcf7_unit_tag\" value=\"wpcf7-f7-o1\" \/><input type=\"hidden\" name=\"_wpcf7_container_post\" value=\"0\" \/><input type=\"hidden\" name=\"_wpcf7_posted_data_hash\" value=\"\" \/><input type=\"hidden\" name=\"_wpcf7_recaptcha_response\" value=\"\" \/>\n<\/fieldset>\n<p><label><span class=\"wpcf7-form-control-wrap\" data-name=\"your-name\"><input size=\"40\" maxlength=\"400\" class=\"wpcf7-form-control wpcf7-text wpcf7-validates-as-required\" aria-required=\"true\" aria-invalid=\"false\" placeholder=\"*Jm\u00e9no:\" value=\"\" type=\"text\" name=\"your-name\" \/><\/span> <\/label>\n<\/p>\n<p><label><span class=\"wpcf7-form-control-wrap\" data-name=\"your-secondname\"><input size=\"40\" maxlength=\"400\" class=\"wpcf7-form-control wpcf7-text wpcf7-validates-as-required\" autocomplete=\"name\" aria-required=\"true\" aria-invalid=\"false\" placeholder=\"*P\u0159\u00edjmen\u00ed:\" value=\"\" type=\"text\" name=\"your-secondname\" \/><\/span> <\/label>\n<\/p>\n<p><label><span class=\"wpcf7-form-control-wrap\" data-name=\"your-tel\"><input size=\"40\" maxlength=\"400\" class=\"wpcf7-form-control wpcf7-tel wpcf7-validates-as-required wpcf7-text wpcf7-validates-as-tel\" aria-required=\"true\" aria-invalid=\"false\" placeholder=\"*Telefon:\" value=\"\" type=\"tel\" name=\"your-tel\" \/><\/span> <\/label>\n<\/p>\n<p><label><span class=\"wpcf7-form-control-wrap\" data-name=\"your-email\"><input size=\"40\" maxlength=\"400\" class=\"wpcf7-form-control wpcf7-email wpcf7-validates-as-required wpcf7-text wpcf7-validates-as-email\" autocomplete=\"email\" aria-required=\"true\" aria-invalid=\"false\" placeholder=\"*E-mail:\" value=\"\" type=\"email\" name=\"your-email\" \/><\/span> <\/label>\n<\/p>\n<p><label><span class=\"wpcf7-form-control-wrap\" data-name=\"your-message\"><textarea cols=\"40\" rows=\"10\" maxlength=\"2000\" class=\"wpcf7-form-control wpcf7-textarea wpcf7-validates-as-required\" aria-required=\"true\" aria-invalid=\"false\" placeholder=\"*Text zpr\u00e1vy:\" name=\"your-message\"><\/textarea><\/span> <\/label>\n<\/p>\n<p>Odesl\u00e1n\u00edm formul\u00e1\u0159e souhlas\u00edte se zpracov\u00e1n\u00edm osobn\u00edch \u00fadaj\u016f za \u00fa\u010delem odpov\u011bdi na v\u00e1\u0161 dotaz.\n<\/p>\n<p><input class=\"wpcf7-form-control wpcf7-submit has-spinner\" type=\"submit\" value=\"Odeslat\" \/>\n<\/p><div class=\"wpcf7-response-output\" aria-hidden=\"true\"><\/div>\n<\/form>\n<\/div>\n<\/div>\n<\/div>\n<\/div>\n<\/section>\n","protected":false},"excerpt":{"rendered":"<p>GI TRADES je inov\u00e1torem, pr\u016fkopn\u00edkem a expertem v oblasti algoritmick\u00e9ho obchodov\u00e1n\u00ed s v\u00edce ne\u017e 20&nbsp;lety&nbsp;zku\u0161enost\u00ed. Na\u0161e technologie se neust\u00e1le vyv\u00edj\u00ed d\u00edky kombinaci inteligence genetick\u00e9, um\u011bl\u00e9 i lidsk\u00e9. Tento syst\u00e9m evolu\u010dn\u00ed multi-inteligence vyu\u017e\u00edvaj\u00edc\u00ed strojov\u00e9ho a mechanick\u00e9ho u\u010den\u00ed n\u00e1m umo\u017e\u0148uje \u010dinit precizn\u00ed obchodn\u00ed rozhodnut\u00ed a maximalizovat zisky s minim\u00e1ln\u00edm rizikem. Na\u0161e propriet\u00e1rn\u00ed algoritmy analyzuj\u00ed obchodn\u00ed p\u0159\u00edle\u017eitosti. Aktivn\u011b [&hellip;]<\/p>\n","protected":false},"author":1,"featured_media":0,"parent":0,"menu_order":0,"comment_status":"closed","ping_status":"closed","template":"","meta":{"inline_featured_image":false,"footnotes":""},"class_list":["post-10","page","type-page","status-publish","hentry"],"_links":{"self":[{"href":"https:\/\/www.gitrades.com\/index.php?rest_route=\/wp\/v2\/pages\/10","targetHints":{"allow":["GET"]}}],"collection":[{"href":"https:\/\/www.gitrades.com\/index.php?rest_route=\/wp\/v2\/pages"}],"about":[{"href":"https:\/\/www.gitrades.com\/index.php?rest_route=\/wp\/v2\/types\/page"}],"author":[{"embeddable":true,"href":"https:\/\/www.gitrades.com\/index.php?rest_route=\/wp\/v2\/users\/1"}],"replies":[{"embeddable":true,"href":"https:\/\/www.gitrades.com\/index.php?rest_route=%2Fwp%2Fv2%2Fcomments&post=10"}],"version-history":[{"count":17,"href":"https:\/\/www.gitrades.com\/index.php?rest_route=\/wp\/v2\/pages\/10\/revisions"}],"predecessor-version":[{"id":58,"href":"https:\/\/www.gitrades.com\/index.php?rest_route=\/wp\/v2\/pages\/10\/revisions\/58"}],"wp:attachment":[{"href":"https:\/\/www.gitrades.com\/index.php?rest_route=%2Fwp%2Fv2%2Fmedia&parent=10"}],"curies":[{"name":"wp","href":"https:\/\/api.w.org\/{rel}","templated":true}]}}